c - 45. Suppose -t*p - 76469 = -273854. Is p a composite number?
False
Let y(l) = 60*l**2 + 5*l + 8. Let p be y(6). Suppose 12*f - p - 12706 = 0. Suppose 5*k - 1463 - f = 0. Is k a composite number?
False
Let h = -6044 - -12513. Is h prime?
True
Suppose -5*y - 2*g = -15, -g - 2*g = y + 10. Let k be y/(-40) + 88356/32. Let x = k - 1076. Is x prime?
False
Suppose 2*z = -4*z + 72. Let g = -20 + z. Let p(l) = -50*l + 19. Is p(g) composite?
False
Let w(x) = -x**3 - 18*x**2 - 15*x + 38. Let y be w(-17). Let f be (-299)/(-7) + (-12)/(-42) - y. Suppose -f*n + 36*n + 1899 = 0. Is n composite?
True
Is 894/(-2086) - (-2002724)/7 a composite number?
False
Let q = -84 + 99. Suppose -5*p = 3*o - q, -4*p + 5 = o - 7*p. Suppose 192 = 2*d - 5*j, -51 + 498 = o*d + 4*j. Is d a prime number?
False
Let v be 8/7 + -1 + (-12980)/(-35). Let r = v - -92. Is r composite?
False
Is 10182/2*7/3 + -1 prime?
False
Is -106*(1 + 1*2472/(-16)) a prime number?
False
Suppose 5*b + 288757 - 930572 = 0. Is b composite?
True
Let x = -10933 + 6270. Is -2 - x/(-1 - -2) composite?
True
Let w be 2*9/(-24)*(-96)/4. Let h(s) = 97*s + 8. Is h(w) a prime number?
False
Suppose 64*r - 36*r + 3425555 = 63*r. Is r a composite number?
True
Let r = 11815 + -2258. Let l = r - 3556. Is l prime?
False
Suppose 118*v - 1710 = 112*v. Let z = 494 - v. Is z prime?
False
Suppose 8*q - 42 = -6*q. Suppose -q*a + 5314 = -5*v, v - 1775 = -2*a + 1746. Is a prime?
False
Is (4/(-36 - 4))/((-27)/473323230) a composite number?
False
Let m = -21 + 18. Let f(o) = -2*o - 2. Let u be f(m). Suppose -4*b + 4*v + 7452 = 0, -u*b + 7*v = 11*v - 7484. Is b a composite number?
False
Let d = -243493 - -369470. Is d prime?
False
Let v(w) = 63*w**3 - 14*w**2 + 31*w - 47. Is v(8) prime?
False
Suppose 14 = -7*o - 0. Let u be (6/33 + (-35061)/22)*o. Is u - (4/(-4 - -5))/1 a composite number?
True
Let i(j) = -j**2 + 13*j - 26. Let r be i(11). Let m(n) = -31394*n + 15. Is m(r) a prime number?
True
Suppose m - 7*m + 110318 = -4*m. Is m composite?
True
Let b be (-1588)/(-3)*75/(-10). Let s = -1685 - b. Suppose 10*u - 5*u = s. Is u prime?
True
Let d = 163404 + 163315. Is d a composite number?
True
Is (4 - -5)/(9/6) - -9727 a composite number?
False
Suppose -16*k - 3551 - 9809 = 0. Suppose n = -3*t - 419, 2*t = 4*n + 23 + 1695. Let g = n - k. Is g composite?
True
Suppose -39*g = -4*x - 34*g + 258202, 322773 = 5*x + 4*g. Is x a composite number?
False
Let k(y) = -y**2 - 8*y - 1. Let z be k(-9). Let t be (-2)/(-5) - 29196/z. Suppose l = -3*b + 596, 5*l - b - t = -4*b. Is l a prime number?
False
Let n = -46 - -50. Suppose -k + 434 = n*x + 2*k, 0 = 3*x - k - 319. Let l = x + 414. Is l composite?
False
Suppose -6391 = y - 3*g + 4986, 34183 = -3*y - 4*g. Let v be 9 + -9 + y*1. Let q = -7832 - v. Is q a prime number?
True
Suppose -6*t + t + 14681 = -2*r, 3*r - t = -22002. Let o = 15644 + r. Is o a composite number?
False
Let a(j) be the third derivative of 1/10*j**5 + 1/4*j**4 + 0 + 0*j + 11/6*j**3 + 4*j**2. Is a(-10) prime?
False
Suppose 14 - 4 = -5*f, u - 5*f - 12 = 0. Let c be ((-882)/(-35))/(u/10). Let l = c - 23. Is l a composite number?
False
Suppose -4*f - 4*s - 4 = 0, 2*f + 4 = 3*s + 12. Let d be (-6 - -3)*f - -200. Let x = d + 250. Is x prime?
False
Suppose -n - 626966 = -6*n - 4*w, 4*w = n - 125374. Suppose n = 5*r - 60035. Is r a prime number?
False
Let a(y) = -4147*y + 106. Is a(-9) a composite number?
True
Let n be (-11)/(55/105) - (0 - -3). Is (8/n)/(4/(-1668)) a prime number?
True
Let v(l) = 2151*l - 267 - 259 + 528. Suppose 5*k - 24 = -4*o - 5, -o + k - 2 = 0. Is v(o) composite?
False
Let i = -138 + 140. Suppose 0 = -i*o - 972 + 2674. Is o a composite number?
True
Let c(g) = 2313*g**2 - 58*g - 288. Is c(-7) a prime number?
False
Let k = 35430 + 185005. Is k composite?
True
Let n(j) = -3*j**2 - 3*j - 9. Let p be n(-4). Let a = -41 - p. Suppose -2*s - 1438 = -a*s. Is s a prime number?
True
Let v(a) = 894*a**2 + 9*a + 5. Suppose 0 = i - 75 + 79. Is v(i) a composite number?
True
Suppose 6*i + 240 - 306 = 0. Suppose 2*u = -4*j + 4834, 5*u + i*j = 15*j + 12155. Is u composite?
True
Let k = -376886 - -1615345. Is k a composite number?
False
Let b(m) = -2*m**3 - 25*m**2 - 17 - m**3 - 2*m - 9*m + 0. Let x be b(-8). Suppose 10*v - x*v = 2721. Is v composite?
False
Suppose 658*n = 655*n + 12. Suppose n*s = -5*h + 66438 + 53137, -119575 = -5*h - s. Is h composite?
True
Let g(v) = -4*v**2 + 66*v + 23. Let m be g(27). Let o = -478 - m. Is o a prime number?
False
Let d = -39 - -49. Suppose 7*a - d*a + 2217 = 0. Suppose 8*z = 9*z - a. Is z composite?
False
Let k(d) = -772*d**3 - 3*d**2 - 38*d + 37. Is k(-6) composite?
False
Let a(x) = 2861*x - 33. Let l be a(8). Suppose 3*f = 8*f - l. Is f a prime number?
False
Suppose 2398346 = 86*w - 893820. Is w a prime number?
True
Suppose -4650 = 13*s - 66556. Let j = s - 2245. Is j prime?
False
Suppose -24*k + 280 + 721 = -2575. Is k a prime number?
True
Let m = -224 + 158. Is m/(-4)*248/3 + 3 prime?
True
Suppose 7*j = 2 + 12. Suppose j - 26 = 2*p. Let k(n) = -45*n + 7. Is k(p) prime?
True
Let r(u) = u**3 + u**2 + u + 144. Let m be r(0). Let l be 12912/15 + (2 - -5)/35. Let x = l - m. Is x a prime number?
False
Let c(i) = -11*i**2 + 9*i - 11. Let d(f) = -2*f**2 + f - 1. Let r(t) = 2*c(t) - 10*d(t). Let v be r(3). Is v/27 + (-695)/(-9) prime?
False
Is (5 - 4)*(-19259)/(-4)*(18 + 2) a composite number?
True
Is (-116)/319 - 3203084/(-44) a composite number?
False
Let q(h) = -h**3 - 2*h**2 + h + 6. Let n(c) = -2*c - 4. Let r be n(0). Let z be q(r). Let w = 280 + z. Is w a prime number?
False
Let d = 782470 + -142013. Is d a composite number?
False
Let l = 125039 - 12088. Is l a composite number?
False
Suppose 7921*b - 7908*b - 2066909 = 0. Is b a prime number?
True
Let y = 186873 - 119171. Is y a prime number?
False
Let x(q) = -q**2 - 7*q + 9. Let h be x(-8). Let j be 2*4/16*(1181 + h). Suppose 5*y + 3*z + 100 = j, -5*z = 3*y - 301. Is y prime?
True
Suppose -40*s + 45*s = -220. Let k be s*(-4 + 7 - 74/4). Suppose 3*p + k = v, v - p + 285 - 957 = 0. Is v prime?
False
Suppose 4*j = 3*b + 25, -2*b - 21 = -4*j + 5. Let o = 45 + j. Suppose m = o + 77. Is m prime?
False
Suppose -19520*o + 19500*o = -1910540. Is o prime?
True
Let i = 110776 - 51569. Is i composite?
False
Suppose 2*c - 4887 = -2*m + 855, -11459 = -4*c + m. Suppose 2*o = -2*q + c, -8643 = -6*o + 5*q - 2*q. Is o a prime number?
False
Suppose t = -3 + 11. Let k(y) be the first derivative of y**4/2 - 8*y**3/3 - 5*y**2/2 - 19*y + 170. Is k(t) a composite number?
True
Let g = 616 + 189. Let x(u) = 10*u**2 + u + 11. Let h be x(-5). Let b = h + g. Is b composite?
False
Let c be (-27)/(-2)*(-12)/27*-3. Is (-879)/(-2)*-6*(-26)/c composite?
True
Let n be 1*2 - (7707 + -10). Let h = n - -11344. Is h prime?
False
Let j(w) = -404045*w**3 + 7*w**2 + 5*w - 4. Is j(-1) composite?
True
Let t(w) = -w**3 + 5*w**2 + 9*w - 23. Let m be t(6). Is (16075 + m)/(-3 - 1 - -6) a prime number?
False
Let u(b) = b. Let h be u(2). Suppose -h*x + 644 = 218. Is x a composite number?
True
Let c(d) be the second derivative of d**4/12 - 7*d**3/6 - d. Let j be c(7). Is (3 - 3) + 7 - j a composite number?
False
Let f = 291 + -4299. Let b = f + 10477. Is b a prime number?
True
Suppose -70110 = 6*r - 15*r. Suppose -4*d = -h + 3130, r = 3*h + 4*d - 1616. Is h a prime number?
False
Let u = -547 + 587. Let p(i) = 3*i**2 + 67*i - 47. Is p(u) prime?
True
Is (-476146)/(-46 - -24) + 2*2 composite?
False
Is (-237022)/(-8)*(-8 + (39 - 27)) prime?
False
Let d be (-2)/(-3)*(-45480)/(-16). Suppose 12461 + d = 4*i. Let v = -2108 + i. Is v composite?
False
Let h = -83 + 88. Suppose h*m + 7 = 4*g - 2*g, m + 11 = 2*g. Suppose -4*o = g*o - 11510. Is o composite?
False
Suppose 4*d = 3*d + 4. Suppose -d*i + 14 - 6 = 0. Is 1/i*6740/10 composite?
False
Let a = -1067896 + 1660019. Is a a composite number?
True
Let a be (-42)/7 + 4353 + -5. Suppose -341 = n - a. Is n composite?
False
Let k = 291850 - 201895. Is -4*k/(-36) + 6 prime?
False
Suppose -3*s + 277 + 1178 = 0. Let a = 7606 - s. Is a prime?
True
Let q(l) = 3336*l + 18. Let x be q(4). Suppose 10*s = 4*s - x. Let w = -1184 - s. Is w prime?
False
Suppose -5*b + 353419 = 4*f, 15*b - 18*b + f = -212065. Is b a prime number?
True
Let t(z) = z**2 + 12*z + 